{"id":57,"date":"2023-01-29T21:05:22","date_gmt":"2023-01-29T21:05:22","guid":{"rendered":"http:\/\/www.sfsyedek.com\/index.php\/home\/"},"modified":"2025-01-21T19:10:43","modified_gmt":"2025-01-21T19:10:43","slug":"kompresor-filtre-setleri","status":"publish","type":"page","link":"https:\/\/www.sfsyedek.com\/","title":{"rendered":"ANA SAYFA"},"content":{"rendered":"<div class=\"wp-block-group alignfull wc-blocks-pattern-header-centered-menu wc-blocks-header-pattern\"><div class=\"wp-block-group__inner-container is-layout-constrained wp-block-group-is-layout-constrained\"><div class=\"wp-block-columns alignfull are-vertically-aligned-center is-not-stacked-on-mobile has-vivid-cyan-blue-background-color has-background is-layout-flex wp-container-core-columns-is-layout-ddf68821 wp-block-columns-is-layout-flex\" style=\"padding-top:24px;padding-right:40px;padding-bottom:24px;padding-left:40px\"><div class=\"wp-block-column is-vertically-aligned-center is-layout-flow wp-block-column-is-layout-flow\"><div class=\"wp-block-group has-black-color has-text-color has-background has-link-color has-small-font-size wp-elements-273e9c9c1cc93cc4a5ef2fd313684382 is-content-justification-left is-nowrap is-layout-flex wp-container-core-group-is-layout-f56a869c wp-block-group-is-layout-flex\" style=\"background:linear-gradient(135deg,rgb(6,147,227) 40%,rgb(155,81,224) 100%)\"><div class=\"is-default-size wp-block-site-logo\"><a href=\"https:\/\/www.sfsyedek.com\/\" class=\"custom-logo-link\" rel=\"home\"><img decoding=\"async\" width=\"115\" height=\"101\" src=\"https:\/\/www.sfsyedek.com\/wp-content\/uploads\/2024\/09\/cropped-cropped-90f0fd71-b5af-4f90-96d7-e70b973d623a-1-e1736365479160.jpg\" class=\"custom-logo\" alt=\"sfs \u00fcst logo\" \/><\/a><\/div>\n\n<h1 class=\"wp-block-site-title\"><a href=\"https:\/\/www.sfsyedek.com\" target=\"_self\" rel=\"home\">SFS YEDEK<\/a><\/h1><\/div><\/div><\/div><\/div><\/div><div class=\"wp-block-group alignfull has-background\" style=\"background:linear-gradient(135deg,rgb(255,245,203) 0%,rgb(37,71,99) 26%,rgb(182,227,212) 57%,rgb(51,167,181) 100%);margin-top:0;margin-bottom:0;padding-top:calc( 0.5 * var(--wp--style--root--padding-right, var(--wp--custom--gap--horizontal)));padding-right:var(--wp--style--root--padding-right, var(--wp--custom--gap--horizontal));padding-bottom:calc( 0.5 * var(--wp--style--root--padding-right, var(--wp--custom--gap--horizontal)));padding-left:var(--wp--style--root--padding-left, var(--wp--custom--gap--horizontal))\"><div class=\"wp-block-group__inner-container is-layout-constrained wp-container-core-group-is-layout-5d63491a wp-block-group-is-layout-constrained\"><div class=\"wp-block-columns alignwide are-vertically-aligned-center is-layout-flex wp-container-core-columns-is-layout-6aa4370a wp-block-columns-is-layout-flex\"><div class=\"wp-block-column is-vertically-aligned-center is-layout-flow wp-block-column-is-layout-flow\"><figure class=\"wp-block-image size-full\"><img fetchpriority=\"high\" decoding=\"async\" width=\"1024\" height=\"819\" src=\"https:\/\/www.sfsyedek.com\/wp-content\/uploads\/2025\/01\/20190428_144118_0000-1024x819-2.png\" alt=\"\" class=\"wp-image-603\" style=\"aspect-ratio:1;object-fit:cover\" srcset=\"https:\/\/www.sfsyedek.com\/wp-content\/uploads\/2025\/01\/20190428_144118_0000-1024x819-2.png 1024w, https:\/\/www.sfsyedek.com\/wp-content\/uploads\/2025\/01\/20190428_144118_0000-1024x819-2-300x240.png 300w, https:\/\/www.sfsyedek.com\/wp-content\/uploads\/2025\/01\/20190428_144118_0000-1024x819-2-768x614.png 768w, https:\/\/www.sfsyedek.com\/wp-content\/uploads\/2025\/01\/20190428_144118_0000-1024x819-2-500x400.png 500w\" sizes=\"(max-width: 1024px) 100vw, 1024px\" \/><\/figure><\/div>\n\n<div class=\"wp-block-column is-vertically-aligned-center is-layout-flow wp-block-column-is-layout-flow\"><p class=\"has-text-align-center\"><strong>KOMPRES\u00d6RLER \u0130\u00c7\u0130N ORJ\u0130NAL VE MUAD\u0130L YEDEK PAR\u00c7A<\/strong><\/p>\n\n<p class=\"has-text-align-center\">ATLAS COPCO, \u0130NGERSOLLRAND, KAESER, GARDNER DENVER, BOGE,CP,ELG\u0130,EKOMAK,DALGAKIRAN,KOMSAN,LUPAMAT,SARMAK,<\/p>\n\n<p>MARKA KOMPRES\u00d6RLER\u0130N MUAD\u0130L VE ORJ\u0130NAL SERV\u0130S,BAKIM, TAM\u0130R VE F\u0130LTRE K\u0130TLER\u0130<\/p>\n\n<p><\/p>\n\n<div class=\"wp-block-buttons is-layout-flex wp-block-buttons-is-layout-flex\"><div class=\"wp-block-button\"><a class=\"wp-block-button__link wp-element-button\">KOMPRES\u00d6R F\u0130LTRELER\u0130<\/a><\/div><\/div><\/div><\/div>\n\n<div style=\"height:calc( 0.25 * var(--wp--style--root--padding-right, var(--wp--custom--gap--horizontal)));width:0px\" aria-hidden=\"true\" class=\"wp-block-spacer\"><\/div><\/div><\/div><p><\/p><div class=\"wp-block-group alignfull has-background is-content-justification-center\" style=\"background:linear-gradient(135deg,rgb(6,147,227) 0%,rgb(201,192,192) 58%,rgb(155,81,224) 100%);margin-top:0;margin-bottom:0;padding-top:calc( 0.5 * var(--wp--style--root--padding-right, var(--wp--custom--gap--horizontal)));padding-right:var(--wp--style--root--padding-right, var(--wp--custom--gap--horizontal));padding-bottom:calc( 0.5 * var(--wp--style--root--padding-right, var(--wp--custom--gap--horizontal)));padding-left:var(--wp--style--root--padding-left, var(--wp--custom--gap--horizontal))\"><div class=\"wp-block-group__inner-container is-layout-constrained wp-container-core-group-is-layout-b073b61b wp-block-group-is-layout-constrained\"><div class=\"wp-block-columns alignwide is-layout-flex wp-container-core-columns-is-layout-fb320e7c wp-block-columns-is-layout-flex\" style=\"margin-top:0px;margin-bottom:0px;padding-top:0;padding-right:0;padding-bottom:0;padding-left:0\"><div class=\"wp-block-column is-layout-flow wp-block-column-is-layout-flow\"><div class=\"wp-block-cover has-custom-content-position is-position-bottom-center is-light has-white-color\" style=\"padding-bottom:56px\"><span aria-hidden=\"true\" class=\"wp-block-cover__background has-background-dim-30 has-background-dim\" style=\"background-color:#9e6e5f\"><\/span><img decoding=\"async\" width=\"912\" height=\"471\" class=\"wp-block-cover__image-background wp-image-582\" alt=\"\" src=\"https:\/\/www.sfsyedek.com\/wp-content\/uploads\/2025\/01\/EKOMAK-KOMPRESOR.png\" data-object-fit=\"cover\" srcset=\"https:\/\/www.sfsyedek.com\/wp-content\/uploads\/2025\/01\/EKOMAK-KOMPRESOR.png 912w, https:\/\/www.sfsyedek.com\/wp-content\/uploads\/2025\/01\/EKOMAK-KOMPRESOR-300x155.png 300w, https:\/\/www.sfsyedek.com\/wp-content\/uploads\/2025\/01\/EKOMAK-KOMPRESOR-768x397.png 768w, https:\/\/www.sfsyedek.com\/wp-content\/uploads\/2025\/01\/EKOMAK-KOMPRESOR-500x258.png 500w\" sizes=\"(max-width: 912px) 100vw, 912px\" \/><div class=\"wp-block-cover__inner-container is-layout-flow wp-block-cover-is-layout-flow\"><h4 class=\"wp-block-heading has-text-align-center\" style=\"margin-bottom:24px\">EKOMAK KOMPRES\u00d6R <\/h4>\n\n<div class=\"wp-block-buttons is-content-justification-center is-layout-flex wp-container-core-buttons-is-layout-16018d1d wp-block-buttons-is-layout-flex\"><div class=\"wp-block-button is-style-outline is-style-outline--1\"><a class=\"wp-block-button__link has-text-align-center wp-element-button\" href=\"https:\/\/www.sfsyedek.com\/index.php\/ekomak-kompresor-filtreleri\/\">F\u0130LTRE VE TAM\u0130R K\u0130TLER\u0130<\/a><\/div><\/div><\/div><\/div><\/div>\n\n<div class=\"wp-block-column is-layout-flow wp-block-column-is-layout-flow\"><div class=\"wp-block-cover has-custom-content-position is-position-bottom-center is-light has-white-color\" style=\"padding-bottom:56px\"><span aria-hidden=\"true\" class=\"wp-block-cover__background has-black-background-color has-background-dim-30 has-background-dim\"><\/span><img loading=\"lazy\" decoding=\"async\" width=\"1000\" height=\"1500\" class=\"wp-block-cover__image-background wp-image-606\" alt=\"\" src=\"https:\/\/www.sfsyedek.com\/wp-content\/uploads\/2025\/01\/Kahverengi-Ic-Mekan-Dekoratif-Obje-Kolaji-Pinterest-Pin.jpg\" data-object-fit=\"cover\" srcset=\"https:\/\/www.sfsyedek.com\/wp-content\/uploads\/2025\/01\/Kahverengi-Ic-Mekan-Dekoratif-Obje-Kolaji-Pinterest-Pin.jpg 1000w, https:\/\/www.sfsyedek.com\/wp-content\/uploads\/2025\/01\/Kahverengi-Ic-Mekan-Dekoratif-Obje-Kolaji-Pinterest-Pin-200x300.jpg 200w, https:\/\/www.sfsyedek.com\/wp-content\/uploads\/2025\/01\/Kahverengi-Ic-Mekan-Dekoratif-Obje-Kolaji-Pinterest-Pin-683x1024.jpg 683w, https:\/\/www.sfsyedek.com\/wp-content\/uploads\/2025\/01\/Kahverengi-Ic-Mekan-Dekoratif-Obje-Kolaji-Pinterest-Pin-768x1152.jpg 768w, https:\/\/www.sfsyedek.com\/wp-content\/uploads\/2025\/01\/Kahverengi-Ic-Mekan-Dekoratif-Obje-Kolaji-Pinterest-Pin-300x450.jpg 300w, https:\/\/www.sfsyedek.com\/wp-content\/uploads\/2025\/01\/Kahverengi-Ic-Mekan-Dekoratif-Obje-Kolaji-Pinterest-Pin-500x750.jpg 500w\" sizes=\"(max-width: 1000px) 100vw, 1000px\" \/><div class=\"wp-block-cover__inner-container is-layout-flow wp-block-cover-is-layout-flow\"><h4 class=\"wp-block-heading has-text-align-center\" style=\"margin-bottom:24px\">VAKUM POMPASI YEDEK PAR\u00c7A<\/h4>\n\n<div class=\"wp-block-buttons alignwide is-content-justification-center is-layout-flex wp-container-core-buttons-is-layout-16018d1d wp-block-buttons-is-layout-flex\"><div class=\"wp-block-button is-style-outline is-style-outline--2\"><a class=\"wp-block-button__link wp-element-button\">VAKUM POMPASI<\/a><\/div><\/div><\/div><\/div><\/div>\n\n<div class=\"wp-block-column is-layout-flow wp-block-column-is-layout-flow\"><div class=\"wp-block-cover has-custom-content-position is-position-bottom-center is-light has-white-color\" style=\"padding-bottom:56px\"><span aria-hidden=\"true\" class=\"wp-block-cover__background has-black-background-color has-background-dim-30 has-background-dim\"><\/span><img loading=\"lazy\" decoding=\"async\" width=\"1000\" height=\"1500\" class=\"wp-block-cover__image-background wp-image-608\" alt=\"\" src=\"https:\/\/www.sfsyedek.com\/wp-content\/uploads\/2025\/01\/KURUTUCU.png\" data-object-fit=\"cover\" srcset=\"https:\/\/www.sfsyedek.com\/wp-content\/uploads\/2025\/01\/KURUTUCU.png 1000w, https:\/\/www.sfsyedek.com\/wp-content\/uploads\/2025\/01\/KURUTUCU-200x300.png 200w, https:\/\/www.sfsyedek.com\/wp-content\/uploads\/2025\/01\/KURUTUCU-683x1024.png 683w, https:\/\/www.sfsyedek.com\/wp-content\/uploads\/2025\/01\/KURUTUCU-768x1152.png 768w, https:\/\/www.sfsyedek.com\/wp-content\/uploads\/2025\/01\/KURUTUCU-300x450.png 300w, https:\/\/www.sfsyedek.com\/wp-content\/uploads\/2025\/01\/KURUTUCU-500x750.png 500w\" sizes=\"(max-width: 1000px) 100vw, 1000px\" \/><div class=\"wp-block-cover__inner-container is-layout-flow wp-block-cover-is-layout-flow\"><h4 class=\"wp-block-heading has-text-align-center\" style=\"margin-bottom:24px\">HAT F\u0130LTRES\u0130 ELEMENTLER\u0130<\/h4>\n\n<div class=\"wp-block-buttons is-content-justification-center is-layout-flex wp-container-core-buttons-is-layout-16018d1d wp-block-buttons-is-layout-flex\"><div class=\"wp-block-button is-style-outline is-style-outline--3\"><a class=\"wp-block-button__link wp-element-button\" href=\"https:\/\/www.sfsyedek.com\/index.php\/urun-kategori\/genel\/kurutucu-filtre-element\/\">KURUTUCU F\u0130LTRELER\u0130<\/a><\/div><\/div><\/div><\/div><\/div><\/div>\n\n<div style=\"height:calc( 0.25 * var(--wp--style--root--padding-right, var(--wp--custom--gap--horizontal)))\" aria-hidden=\"true\" class=\"wp-block-spacer\"><\/div><\/div><\/div><div class=\"wp-block-group is-layout-grid wp-container-core-group-is-layout-6be84c55 wp-block-group-is-layout-grid\"><figure class=\"wp-block-gallery has-nested-images columns-default is-cropped wp-block-gallery-4 is-layout-flex wp-block-gallery-is-layout-flex\"><div class=\"wp-block-image\"><figure class=\"alignleft size-large\"><a href=\"https:\/\/www.sfsyedek.com\/wp-content\/uploads\/2025\/01\/Kahverengi-Ic-Mekan-Dekoratif-Obje-Kolaji-Pinterest-Pin-3.jpg\"><img loading=\"lazy\" decoding=\"async\" width=\"683\" height=\"1024\" data-id=\"668\" src=\"https:\/\/www.sfsyedek.com\/wp-content\/uploads\/2025\/01\/Kahverengi-Ic-Mekan-Dekoratif-Obje-Kolaji-Pinterest-Pin-3-683x1024.jpg\" alt=\"\" class=\"wp-image-668\" srcset=\"https:\/\/www.sfsyedek.com\/wp-content\/uploads\/2025\/01\/Kahverengi-Ic-Mekan-Dekoratif-Obje-Kolaji-Pinterest-Pin-3-683x1024.jpg 683w, https:\/\/www.sfsyedek.com\/wp-content\/uploads\/2025\/01\/Kahverengi-Ic-Mekan-Dekoratif-Obje-Kolaji-Pinterest-Pin-3-200x300.jpg 200w, https:\/\/www.sfsyedek.com\/wp-content\/uploads\/2025\/01\/Kahverengi-Ic-Mekan-Dekoratif-Obje-Kolaji-Pinterest-Pin-3-768x1152.jpg 768w, https:\/\/www.sfsyedek.com\/wp-content\/uploads\/2025\/01\/Kahverengi-Ic-Mekan-Dekoratif-Obje-Kolaji-Pinterest-Pin-3-300x450.jpg 300w, https:\/\/www.sfsyedek.com\/wp-content\/uploads\/2025\/01\/Kahverengi-Ic-Mekan-Dekoratif-Obje-Kolaji-Pinterest-Pin-3-500x750.jpg 500w, https:\/\/www.sfsyedek.com\/wp-content\/uploads\/2025\/01\/Kahverengi-Ic-Mekan-Dekoratif-Obje-Kolaji-Pinterest-Pin-3.jpg 1000w\" sizes=\"(max-width: 683px) 100vw, 683px\" \/><\/a><\/figure><\/div><\/figure><\/div><div class=\"wp-block-columns is-layout-flex wp-container-core-columns-is-layout-9d6595d7 wp-block-columns-is-layout-flex\"><div class=\"wp-block-column is-layout-flow wp-block-column-is-layout-flow\" style=\"flex-basis:100%\"><figure class=\"wp-block-gallery has-nested-images columns-default is-cropped wp-block-gallery-5 is-layout-flex wp-block-gallery-is-layout-flex\"><figure class=\"wp-block-image size-large\"><a href=\"https:\/\/www.sfsyedek.com\/wp-content\/uploads\/2025\/01\/Kahverengi-Ic-Mekan-Dekoratif-Obje-Kolaji-Pinterest-Pin2.jpg\"><img loading=\"lazy\" decoding=\"async\" width=\"683\" height=\"1024\" data-id=\"667\" src=\"https:\/\/www.sfsyedek.com\/wp-content\/uploads\/2025\/01\/Kahverengi-Ic-Mekan-Dekoratif-Obje-Kolaji-Pinterest-Pin2-683x1024.jpg\" alt=\"\" class=\"wp-image-667\" srcset=\"https:\/\/www.sfsyedek.com\/wp-content\/uploads\/2025\/01\/Kahverengi-Ic-Mekan-Dekoratif-Obje-Kolaji-Pinterest-Pin2-683x1024.jpg 683w, https:\/\/www.sfsyedek.com\/wp-content\/uploads\/2025\/01\/Kahverengi-Ic-Mekan-Dekoratif-Obje-Kolaji-Pinterest-Pin2-200x300.jpg 200w, https:\/\/www.sfsyedek.com\/wp-content\/uploads\/2025\/01\/Kahverengi-Ic-Mekan-Dekoratif-Obje-Kolaji-Pinterest-Pin2-768x1152.jpg 768w, https:\/\/www.sfsyedek.com\/wp-content\/uploads\/2025\/01\/Kahverengi-Ic-Mekan-Dekoratif-Obje-Kolaji-Pinterest-Pin2-300x450.jpg 300w, https:\/\/www.sfsyedek.com\/wp-content\/uploads\/2025\/01\/Kahverengi-Ic-Mekan-Dekoratif-Obje-Kolaji-Pinterest-Pin2-500x750.jpg 500w, https:\/\/www.sfsyedek.com\/wp-content\/uploads\/2025\/01\/Kahverengi-Ic-Mekan-Dekoratif-Obje-Kolaji-Pinterest-Pin2.jpg 1000w\" sizes=\"(max-width: 683px) 100vw, 683px\" \/><\/a><\/figure><\/figure><\/div><\/div><div class=\"wp-block-group is-layout-grid wp-container-core-group-is-layout-9649a0d9 wp-block-group-is-layout-grid\"><figure class=\"wp-block-gallery has-nested-images columns-default is-cropped wp-block-gallery-6 is-layout-flex wp-block-gallery-is-layout-flex\"><figure class=\"wp-block-image size-large\"><a href=\"https:\/\/www.sfsyedek.com\/wp-content\/uploads\/2025\/01\/Kahverengi-Ic-Mekan-Dekoratif-Obje-Kolaji-Pinterest-Pin2-1.jpg\"><img loading=\"lazy\" decoding=\"async\" width=\"683\" height=\"1024\" data-id=\"669\" src=\"https:\/\/www.sfsyedek.com\/wp-content\/uploads\/2025\/01\/Kahverengi-Ic-Mekan-Dekoratif-Obje-Kolaji-Pinterest-Pin2-1-683x1024.jpg\" alt=\"\" class=\"wp-image-669\" srcset=\"https:\/\/www.sfsyedek.com\/wp-content\/uploads\/2025\/01\/Kahverengi-Ic-Mekan-Dekoratif-Obje-Kolaji-Pinterest-Pin2-1-683x1024.jpg 683w, https:\/\/www.sfsyedek.com\/wp-content\/uploads\/2025\/01\/Kahverengi-Ic-Mekan-Dekoratif-Obje-Kolaji-Pinterest-Pin2-1-200x300.jpg 200w, https:\/\/www.sfsyedek.com\/wp-content\/uploads\/2025\/01\/Kahverengi-Ic-Mekan-Dekoratif-Obje-Kolaji-Pinterest-Pin2-1-768x1152.jpg 768w, https:\/\/www.sfsyedek.com\/wp-content\/uploads\/2025\/01\/Kahverengi-Ic-Mekan-Dekoratif-Obje-Kolaji-Pinterest-Pin2-1-300x450.jpg 300w, https:\/\/www.sfsyedek.com\/wp-content\/uploads\/2025\/01\/Kahverengi-Ic-Mekan-Dekoratif-Obje-Kolaji-Pinterest-Pin2-1-500x750.jpg 500w, https:\/\/www.sfsyedek.com\/wp-content\/uploads\/2025\/01\/Kahverengi-Ic-Mekan-Dekoratif-Obje-Kolaji-Pinterest-Pin2-1.jpg 1000w\" sizes=\"(max-width: 683px) 100vw, 683px\" \/><\/a><\/figure><\/figure><\/div><p><\/p>","protected":false},"excerpt":{"rendered":"<p>KOMPRES\u00d6RLER \u0130\u00c7\u0130N ORJ\u0130NAL VE MUAD\u0130L YEDEK PAR\u00c7A ATLAS COPCO, \u0130NGERSOLLRAND, KAESER, GARDNER DENVER, BOGE,CP,ELG\u0130,EKOMAK,DALGAKIRAN,KOMSAN,LUPAMAT,SARMAK, MARKA KOMPRES\u00d6RLER\u0130N MUAD\u0130L VE ORJ\u0130NAL SERV\u0130S,BAKIM,&hellip;<\/p>\n","protected":false},"author":1,"featured_media":0,"parent":0,"menu_order":0,"comment_status":"closed","ping_status":"closed","template":"","meta":{"footnotes":""},"class_list":["post-57","page","type-page","status-publish","hentry"],"yoast_head":"<!-- This site is optimized with the Yoast SEO plugin v25.3.1 - https:\/\/yoast.com\/wordpress\/plugins\/seo\/ -->\n<title>ANA SAYFA - SFS YEDEK<\/title>\n<meta name=\"description\" content=\"ATLAS COPCO BOGE,CP,ELG\u0130,EKOMAK,DALGAKIRAN,KOMSAN,LUPAMAT,SARMAK,MARKA KOMPRES\u00d6RLER\u0130N MUAD\u0130L VE ORJ\u0130NAL SERV\u0130S,BAKIM, TAM\u0130R VE F\u0130LTRE K\u0130TLER\u0130\" \/>\n<meta name=\"robots\" content=\"index, follow, max-snippet:-1, max-image-preview:large, max-video-preview:-1\" \/>\n<link rel=\"canonical\" href=\"https:\/\/www.sfsyedek.com\/\" \/>\n<meta property=\"og:locale\" content=\"tr_TR\" \/>\n<meta property=\"og:type\" content=\"article\" \/>\n<meta property=\"og:title\" content=\"ANA SAYFA - SFS YEDEK\" \/>\n<meta property=\"og:description\" content=\"ATLAS COPCO BOGE,CP,ELG\u0130,EKOMAK,DALGAKIRAN,KOMSAN,LUPAMAT,SARMAK,MARKA KOMPRES\u00d6RLER\u0130N MUAD\u0130L VE ORJ\u0130NAL SERV\u0130S,BAKIM, TAM\u0130R VE F\u0130LTRE K\u0130TLER\u0130\" \/>\n<meta property=\"og:url\" content=\"https:\/\/www.sfsyedek.com\/\" \/>\n<meta property=\"og:site_name\" content=\"SFS YEDEK\" \/>\n<meta property=\"article:modified_time\" content=\"2025-01-21T19:10:43+00:00\" \/>\n<meta property=\"og:image\" content=\"https:\/\/www.sfsyedek.com\/wp-content\/uploads\/2025\/01\/20190428_144118_0000-1024x819-2.png\" \/>\n<meta name=\"twitter:card\" content=\"summary_large_image\" \/>\n<meta name=\"twitter:label1\" content=\"Tahmini okuma s\u00fcresi\" \/>\n\t<meta name=\"twitter:data1\" content=\"2 dakika\" \/>\n<script type=\"application\/ld+json\" class=\"yoast-schema-graph\">{\"@context\":\"https:\/\/schema.org\",\"@graph\":[{\"@type\":\"WebPage\",\"@id\":\"https:\/\/www.sfsyedek.com\/\",\"url\":\"https:\/\/www.sfsyedek.com\/\",\"name\":\"ANA SAYFA - SFS YEDEK\",\"isPartOf\":{\"@id\":\"https:\/\/www.sfsyedek.com\/#website\"},\"primaryImageOfPage\":{\"@id\":\"https:\/\/www.sfsyedek.com\/#primaryimage\"},\"image\":{\"@id\":\"https:\/\/www.sfsyedek.com\/#primaryimage\"},\"thumbnailUrl\":\"https:\/\/www.sfsyedek.com\/wp-content\/uploads\/2025\/01\/20190428_144118_0000-1024x819-2.png\",\"datePublished\":\"2023-01-29T21:05:22+00:00\",\"dateModified\":\"2025-01-21T19:10:43+00:00\",\"description\":\"ATLAS COPCO BOGE,CP,ELG\u0130,EKOMAK,DALGAKIRAN,KOMSAN,LUPAMAT,SARMAK,MARKA KOMPRES\u00d6RLER\u0130N MUAD\u0130L VE ORJ\u0130NAL SERV\u0130S,BAKIM, TAM\u0130R VE F\u0130LTRE K\u0130TLER\u0130\",\"breadcrumb\":{\"@id\":\"https:\/\/www.sfsyedek.com\/#breadcrumb\"},\"inLanguage\":\"tr\",\"potentialAction\":[{\"@type\":\"ReadAction\",\"target\":[\"https:\/\/www.sfsyedek.com\/\"]}]},{\"@type\":\"ImageObject\",\"inLanguage\":\"tr\",\"@id\":\"https:\/\/www.sfsyedek.com\/#primaryimage\",\"url\":\"https:\/\/www.sfsyedek.com\/wp-content\/uploads\/2025\/01\/20190428_144118_0000-1024x819-2.png\",\"contentUrl\":\"https:\/\/www.sfsyedek.com\/wp-content\/uploads\/2025\/01\/20190428_144118_0000-1024x819-2.png\",\"width\":1024,\"height\":819},{\"@type\":\"BreadcrumbList\",\"@id\":\"https:\/\/www.sfsyedek.com\/#breadcrumb\",\"itemListElement\":[{\"@type\":\"ListItem\",\"position\":1,\"name\":\"Anasayfa\",\"item\":\"https:\/\/www.sfsyedek.com\/\"},{\"@type\":\"ListItem\",\"position\":2,\"name\":\"ANA SAYFA\"}]},{\"@type\":\"WebSite\",\"@id\":\"https:\/\/www.sfsyedek.com\/#website\",\"url\":\"https:\/\/www.sfsyedek.com\/\",\"name\":\"SFS YEDEK\",\"description\":\"YEDEK PAR&Ccedil;A\",\"publisher\":{\"@id\":\"https:\/\/www.sfsyedek.com\/#organization\"},\"potentialAction\":[{\"@type\":\"SearchAction\",\"target\":{\"@type\":\"EntryPoint\",\"urlTemplate\":\"https:\/\/www.sfsyedek.com\/?s={search_term_string}\"},\"query-input\":{\"@type\":\"PropertyValueSpecification\",\"valueRequired\":true,\"valueName\":\"search_term_string\"}}],\"inLanguage\":\"tr\"},{\"@type\":\"Organization\",\"@id\":\"https:\/\/www.sfsyedek.com\/#organization\",\"name\":\"SFS YEDEK\",\"url\":\"https:\/\/www.sfsyedek.com\/\",\"logo\":{\"@type\":\"ImageObject\",\"inLanguage\":\"tr\",\"@id\":\"https:\/\/www.sfsyedek.com\/#\/schema\/logo\/image\/\",\"url\":\"https:\/\/www.sfsyedek.com\/wp-content\/uploads\/2024\/09\/cropped-cropped-90f0fd71-b5af-4f90-96d7-e70b973d623a-1-e1736365479160.jpg\",\"contentUrl\":\"https:\/\/www.sfsyedek.com\/wp-content\/uploads\/2024\/09\/cropped-cropped-90f0fd71-b5af-4f90-96d7-e70b973d623a-1-e1736365479160.jpg\",\"width\":115,\"height\":101,\"caption\":\"SFS YEDEK\"},\"image\":{\"@id\":\"https:\/\/www.sfsyedek.com\/#\/schema\/logo\/image\/\"}}]}<\/script>\n<!-- \/ Yoast SEO plugin. -->","yoast_head_json":{"title":"ANA SAYFA - SFS YEDEK","description":"ATLAS COPCO BOGE,CP,ELG\u0130,EKOMAK,DALGAKIRAN,KOMSAN,LUPAMAT,SARMAK,MARKA KOMPRES\u00d6RLER\u0130N MUAD\u0130L VE ORJ\u0130NAL SERV\u0130S,BAKIM, TAM\u0130R VE F\u0130LTRE K\u0130TLER\u0130","robots":{"index":"index","follow":"follow","max-snippet":"max-snippet:-1","max-image-preview":"max-image-preview:large","max-video-preview":"max-video-preview:-1"},"canonical":"https:\/\/www.sfsyedek.com\/","og_locale":"tr_TR","og_type":"article","og_title":"ANA SAYFA - SFS YEDEK","og_description":"ATLAS COPCO BOGE,CP,ELG\u0130,EKOMAK,DALGAKIRAN,KOMSAN,LUPAMAT,SARMAK,MARKA KOMPRES\u00d6RLER\u0130N MUAD\u0130L VE ORJ\u0130NAL SERV\u0130S,BAKIM, TAM\u0130R VE F\u0130LTRE K\u0130TLER\u0130","og_url":"https:\/\/www.sfsyedek.com\/","og_site_name":"SFS YEDEK","article_modified_time":"2025-01-21T19:10:43+00:00","og_image":[{"url":"https:\/\/www.sfsyedek.com\/wp-content\/uploads\/2025\/01\/20190428_144118_0000-1024x819-2.png","type":"","width":"","height":""}],"twitter_card":"summary_large_image","twitter_misc":{"Tahmini okuma s\u00fcresi":"2 dakika"},"schema":{"@context":"https:\/\/schema.org","@graph":[{"@type":"WebPage","@id":"https:\/\/www.sfsyedek.com\/","url":"https:\/\/www.sfsyedek.com\/","name":"ANA SAYFA - SFS YEDEK","isPartOf":{"@id":"https:\/\/www.sfsyedek.com\/#website"},"primaryImageOfPage":{"@id":"https:\/\/www.sfsyedek.com\/#primaryimage"},"image":{"@id":"https:\/\/www.sfsyedek.com\/#primaryimage"},"thumbnailUrl":"https:\/\/www.sfsyedek.com\/wp-content\/uploads\/2025\/01\/20190428_144118_0000-1024x819-2.png","datePublished":"2023-01-29T21:05:22+00:00","dateModified":"2025-01-21T19:10:43+00:00","description":"ATLAS COPCO BOGE,CP,ELG\u0130,EKOMAK,DALGAKIRAN,KOMSAN,LUPAMAT,SARMAK,MARKA KOMPRES\u00d6RLER\u0130N MUAD\u0130L VE ORJ\u0130NAL SERV\u0130S,BAKIM, TAM\u0130R VE F\u0130LTRE K\u0130TLER\u0130","breadcrumb":{"@id":"https:\/\/www.sfsyedek.com\/#breadcrumb"},"inLanguage":"tr","potentialAction":[{"@type":"ReadAction","target":["https:\/\/www.sfsyedek.com\/"]}]},{"@type":"ImageObject","inLanguage":"tr","@id":"https:\/\/www.sfsyedek.com\/#primaryimage","url":"https:\/\/www.sfsyedek.com\/wp-content\/uploads\/2025\/01\/20190428_144118_0000-1024x819-2.png","contentUrl":"https:\/\/www.sfsyedek.com\/wp-content\/uploads\/2025\/01\/20190428_144118_0000-1024x819-2.png","width":1024,"height":819},{"@type":"BreadcrumbList","@id":"https:\/\/www.sfsyedek.com\/#breadcrumb","itemListElement":[{"@type":"ListItem","position":1,"name":"Anasayfa","item":"https:\/\/www.sfsyedek.com\/"},{"@type":"ListItem","position":2,"name":"ANA SAYFA"}]},{"@type":"WebSite","@id":"https:\/\/www.sfsyedek.com\/#website","url":"https:\/\/www.sfsyedek.com\/","name":"SFS YEDEK","description":"YEDEK PAR&Ccedil;A","publisher":{"@id":"https:\/\/www.sfsyedek.com\/#organization"},"potentialAction":[{"@type":"SearchAction","target":{"@type":"EntryPoint","urlTemplate":"https:\/\/www.sfsyedek.com\/?s={search_term_string}"},"query-input":{"@type":"PropertyValueSpecification","valueRequired":true,"valueName":"search_term_string"}}],"inLanguage":"tr"},{"@type":"Organization","@id":"https:\/\/www.sfsyedek.com\/#organization","name":"SFS YEDEK","url":"https:\/\/www.sfsyedek.com\/","logo":{"@type":"ImageObject","inLanguage":"tr","@id":"https:\/\/www.sfsyedek.com\/#\/schema\/logo\/image\/","url":"https:\/\/www.sfsyedek.com\/wp-content\/uploads\/2024\/09\/cropped-cropped-90f0fd71-b5af-4f90-96d7-e70b973d623a-1-e1736365479160.jpg","contentUrl":"https:\/\/www.sfsyedek.com\/wp-content\/uploads\/2024\/09\/cropped-cropped-90f0fd71-b5af-4f90-96d7-e70b973d623a-1-e1736365479160.jpg","width":115,"height":101,"caption":"SFS YEDEK"},"image":{"@id":"https:\/\/www.sfsyedek.com\/#\/schema\/logo\/image\/"}}]}},"jetpack_sharing_enabled":true,"_links":{"self":[{"href":"https:\/\/www.sfsyedek.com\/index.php\/wp-json\/wp\/v2\/pages\/57","targetHints":{"allow":["GET"]}}],"collection":[{"href":"https:\/\/www.sfsyedek.com\/index.php\/wp-json\/wp\/v2\/pages"}],"about":[{"href":"https:\/\/www.sfsyedek.com\/index.php\/wp-json\/wp\/v2\/types\/page"}],"author":[{"embeddable":true,"href":"https:\/\/www.sfsyedek.com\/index.php\/wp-json\/wp\/v2\/users\/1"}],"replies":[{"embeddable":true,"href":"https:\/\/www.sfsyedek.com\/index.php\/wp-json\/wp\/v2\/comments?post=57"}],"version-history":[{"count":31,"href":"https:\/\/www.sfsyedek.com\/index.php\/wp-json\/wp\/v2\/pages\/57\/revisions"}],"predecessor-version":[{"id":700,"href":"https:\/\/www.sfsyedek.com\/index.php\/wp-json\/wp\/v2\/pages\/57\/revisions\/700"}],"wp:attachment":[{"href":"https:\/\/www.sfsyedek.com\/index.php\/wp-json\/wp\/v2\/media?parent=57"}],"curies":[{"name":"wp","href":"https:\/\/api.w.org\/{rel}","templated":true}]}}